CRAN Package Check Results for Package googleLanguageR

Last updated on 2021-12-06 21:51:15 CET.

Flavor Version Tinstall Tcheck Ttotal Status Flags
r-devel-linux-x86_64-debian-clang 0.3.0 5.09 56.33 61.42 NOTE
r-devel-linux-x86_64-debian-gcc 0.3.0 4.31 43.62 47.93 NOTE
r-devel-linux-x86_64-fedora-clang 0.3.0 76.13 NOTE
r-devel-linux-x86_64-fedora-gcc 0.3.0 62.89 NOTE
r-devel-windows-x86_64-new-UL 0.3.0 14.00 102.00 116.00 NOTE
r-devel-windows-x86_64-new-TK 0.3.0 NOTE
r-devel-windows-x86_64-old 0.3.0 9.00 66.00 75.00 NOTE
r-patched-linux-x86_64 0.3.0 8.89 47.60 56.49 NOTE
r-release-linux-x86_64 0.3.0 5.30 55.43 60.73 NOTE
r-release-macos-arm64 0.3.0 NOTE
r-release-macos-x86_64 0.3.0 NOTE
r-release-windows-ix86+x86_64 0.3.0 12.00 75.00 87.00 NOTE
r-oldrel-macos-x86_64 0.3.0 OK
r-oldrel-windows-ix86+x86_64 0.3.0 13.00 75.00 88.00 OK

Check Details

Version: 0.3.0
Check: LazyData
Result: NOTE
     'LazyData' is specified without a 'data' directory
Flavors: r-devel-linux-x86_64-debian-clang, r-devel-linux-x86_64-debian-gcc, r-devel-linux-x86_64-fedora-clang, r-devel-linux-x86_64-fedora-gcc, r-devel-windows-x86_64-new-UL, r-devel-windows-x86_64-new-TK, r-devel-windows-x86_64-old, r-patched-linux-x86_64, r-release-linux-x86_64, r-release-macos-arm64, r-release-macos-x86_64, r-release-windows-ix86+x86_64