CRAN Package Check Results for Package googlesheets4

Last updated on 2021-12-07 22:59:31 CET.

Flavor Version Tinstall Tcheck Ttotal Status Flags
r-devel-linux-x86_64-debian-clang 1.0.0 7.69 81.41 89.10 OK
r-devel-linux-x86_64-debian-gcc 1.0.0 5.53 61.83 67.36 OK
r-devel-linux-x86_64-fedora-clang 1.0.0 109.56 NOTE
r-devel-linux-x86_64-fedora-gcc 1.0.0 94.97 OK
r-devel-windows-x86_64-new-UL 1.0.0 26.00 129.00 155.00 OK
r-devel-windows-x86_64-new-TK 1.0.0 OK
r-devel-windows-x86_64-old 1.0.0 13.00 101.00 114.00 OK
r-patched-linux-x86_64 1.0.0 12.73 77.64 90.37 OK
r-release-linux-x86_64 1.0.0 7.37 76.92 84.29 OK
r-release-macos-arm64 1.0.0 OK
r-release-macos-x86_64 1.0.0 OK
r-release-windows-ix86+x86_64 1.0.0 14.00 85.00 99.00 OK
r-oldrel-macos-x86_64 1.0.0 OK
r-oldrel-windows-ix86+x86_64 1.0.0 17.00 107.00 124.00 OK

Check Details

Version: 1.0.0
Check: Rd cross-references
Result: NOTE
    Undeclared package ‘jsonlite’ in Rd xrefs
Flavor: r-devel-linux-x86_64-fedora-clang