CRAN Package Check Results for Package gplots

Last updated on 2022-01-26 22:54:52 CET.

Flavor Version Tinstall Tcheck Ttotal Status Flags
r-devel-linux-x86_64-debian-clang 3.1.1 6.64 87.97 94.61 OK
r-devel-linux-x86_64-debian-gcc 3.1.1 5.96 66.77 72.73 OK
r-devel-linux-x86_64-fedora-clang 3.1.1 115.57 NOTE
r-devel-linux-x86_64-fedora-gcc 3.1.1 104.04 OK
r-devel-windows-x86_64-new-UL 3.1.1 43.00 115.00 158.00 OK
r-devel-windows-x86_64-new-TK 3.1.1 OK
r-patched-linux-x86_64 3.1.1 6.85 84.74 91.59 OK
r-release-linux-x86_64 3.1.1 6.49 83.99 90.48 OK
r-release-macos-arm64 3.1.1 OK
r-release-macos-x86_64 3.1.1 OK
r-release-windows-ix86+x86_64 3.1.1 14.00 105.00 119.00 OK
r-oldrel-macos-x86_64 3.1.1 OK
r-oldrel-windows-ix86+x86_64 3.1.1 15.00 103.00 118.00 OK

Check Details

Version: 3.1.1
Check: Rd cross-references
Result: NOTE
    Undeclared package ‘r2d2’ in Rd xrefs
Flavor: r-devel-linux-x86_64-fedora-clang