Last updated on 2022-05-22 22:51:40 CEST.
Flavor | Version | Tinstall | Tcheck | Ttotal | Status | Flags |
---|---|---|---|---|---|---|
r-devel-linux-x86_64-debian-clang | 0.1.0 | 4.27 | 214.45 | 218.72 | NOTE | |
r-devel-linux-x86_64-debian-gcc | 0.1.0 | 3.41 | 152.21 | 155.62 | NOTE | |
r-devel-linux-x86_64-fedora-clang | 0.1.0 | 246.32 | NOTE | |||
r-devel-linux-x86_64-fedora-gcc | 0.1.0 | 248.28 | NOTE | |||
r-devel-windows-x86_64 | 0.1.0 | 127.00 | 225.00 | 352.00 | NOTE | |
r-patched-linux-x86_64 | 0.1.0 | 5.21 | 199.56 | 204.77 | NOTE | |
r-release-linux-x86_64 | 0.1.0 | 4.74 | 204.10 | 208.84 | NOTE | |
r-release-macos-arm64 | 0.1.0 | 55.00 | NOTE | |||
r-release-macos-x86_64 | 0.1.0 | 84.00 | NOTE | |||
r-release-windows-x86_64 | 0.1.0 | 136.00 | 223.00 | 359.00 | NOTE | |
r-oldrel-macos-arm64 | 0.1.0 | 66.00 | NOTE | |||
r-oldrel-macos-x86_64 | 0.1.0 | 122.00 | NOTE | |||
r-oldrel-windows-ix86+x86_64 | 0.1.0 | 10.00 | 231.00 | 241.00 | NOTE |
Version: 0.1.0
Check: LazyData
Result: NOTE
'LazyData' is specified without a 'data' directory
Flavors: r-devel-linux-x86_64-debian-clang, r-devel-linux-x86_64-debian-gcc, r-devel-linux-x86_64-fedora-clang, r-devel-linux-x86_64-fedora-gcc, r-devel-windows-x86_64, r-patched-linux-x86_64, r-release-linux-x86_64, r-release-macos-arm64, r-release-macos-x86_64, r-release-windows-x86_64, r-oldrel-macos-arm64, r-oldrel-macos-x86_64, r-oldrel-windows-ix86+x86_64