Last updated on 2023-05-29 23:03:46 CEST.
Flavor | Version | Tinstall | Tcheck | Ttotal | Status | Flags |
---|---|---|---|---|---|---|
r-devel-linux-x86_64-debian-clang | 0.2.0 | 16.24 | 171.35 | 187.59 | OK | |
r-devel-linux-x86_64-debian-gcc | 0.2.0 | 12.99 | 124.56 | 137.55 | OK | |
r-devel-linux-x86_64-fedora-clang | 0.2.0 | 230.18 | NOTE | |||
r-devel-linux-x86_64-fedora-gcc | 0.2.0 | 231.98 | OK | |||
r-devel-windows-x86_64 | 0.2.0 | 14.00 | 181.00 | 195.00 | OK | |
r-patched-linux-x86_64 | 0.2.0 | 15.00 | 159.98 | 174.98 | OK | |
r-release-linux-x86_64 | 0.2.0 | 11.10 | 160.45 | 171.55 | OK | |
r-release-macos-arm64 | 0.2.0 | 93.00 | OK | |||
r-release-macos-x86_64 | 0.2.0 | 125.00 | OK | |||
r-release-windows-x86_64 | 0.2.0 | 19.00 | 216.00 | 235.00 | OK | |
r-oldrel-macos-arm64 | 0.2.0 | 76.00 | OK | |||
r-oldrel-macos-x86_64 | 0.2.0 | 97.00 | OK | |||
r-oldrel-windows-x86_64 | 0.2.0 | 24.00 | 207.00 | 231.00 | OK |
Version: 0.2.0
Check: Rd cross-references
Result: NOTE
Undeclared package ‘glasso’ in Rd xrefs
Flavor: r-devel-linux-x86_64-fedora-clang