CRAN Package Check Results for Package greport

Last updated on 2021-11-28 22:51:16 CET.

Flavor Version Tinstall Tcheck Ttotal Status Flags
r-devel-linux-x86_64-debian-clang 0.7-2 NOTE
r-devel-linux-x86_64-debian-gcc 0.7-2 17.12 111.88 129.00 NOTE
r-devel-linux-x86_64-fedora-clang 0.7-2 213.48 NOTE
r-devel-linux-x86_64-fedora-gcc 0.7-2 196.15 NOTE
r-devel-windows-x86_64-new-UL 0.7-2 36.00 191.00 227.00 NOTE
r-devel-windows-x86_64-new-TK 0.7-2 NOTE
r-devel-windows-x86_64-old 0.7-2 26.00 179.00 205.00 NOTE
r-patched-linux-x86_64 0.7-2 18.90 139.77 158.67 NOTE
r-patched-solaris-x86 0.7-2 226.90 NOTE
r-release-linux-x86_64 0.7-2 16.72 142.71 159.43 NOTE
r-release-macos-arm64 0.7-2 NOTE
r-release-macos-x86_64 0.7-2 NOTE
r-release-windows-ix86+x86_64 0.7-2 46.00 140.00 186.00 NOTE
r-oldrel-macos-x86_64 0.7-2 NOTE
r-oldrel-windows-ix86+x86_64 0.7-2 44.00 177.00 221.00 NOTE

Check Details

Version: 0.7-2
Check: R code for possible problems
Result: NOTE
    accrualReport: multiple local function definitions for 'gg' with
     different formal arguments
Flavors: r-devel-linux-x86_64-debian-clang, r-devel-linux-x86_64-debian-gcc, r-devel-linux-x86_64-fedora-clang, r-devel-linux-x86_64-fedora-gcc, r-devel-windows-x86_64-new-UL, r-devel-windows-x86_64-new-TK, r-devel-windows-x86_64-old, r-patched-linux-x86_64, r-patched-solaris-x86, r-release-linux-x86_64, r-release-macos-arm64, r-release-macos-x86_64, r-release-windows-ix86+x86_64, r-oldrel-macos-x86_64, r-oldrel-windows-ix86+x86_64