CRAN Package Check Results for Package greyzoneSurv

Last updated on 2022-01-18 22:47:26 CET.

Flavor Version Tinstall Tcheck Ttotal Status Flags
r-devel-linux-x86_64-debian-clang 1.0 11.61 110.12 121.73 NOTE
r-devel-linux-x86_64-debian-gcc 1.0 9.50 83.30 92.80 NOTE
r-devel-linux-x86_64-fedora-clang 1.0 147.28 NOTE
r-devel-linux-x86_64-fedora-gcc 1.0 132.23 NOTE
r-devel-windows-x86_64-new-UL 1.0 29.00 126.00 155.00 NOTE
r-devel-windows-x86_64-new-TK 1.0 NOTE
r-patched-linux-x86_64 1.0 8.25 107.13 115.38 NOTE
r-release-linux-x86_64 1.0 NOTE
r-release-macos-arm64 1.0 NOTE
r-release-macos-x86_64 1.0 NOTE
r-release-windows-ix86+x86_64 1.0 26.00 125.00 151.00 NOTE
r-oldrel-macos-x86_64 1.0 NOTE
r-oldrel-windows-ix86+x86_64 1.0 27.00 128.00 155.00 NOTE

Check Details

Version: 1.0
Check: R code for possible problems
Result: NOTE
    bestcut2: no visible global function definition for 'pchisq'
    cov.func: no visible global function definition for 'rbinom'
    cov.func: no visible global function definition for 'cov'
    cov.func: no visible global function definition for 'pnorm'
    cox.summary: no visible global function definition for 'predict'
    em.func: no visible global function definition for 'quantile'
    genSurvData: no visible global function definition for 'rweibull'
    greyzone.func: no visible global function definition for 'points'
    greyzone.func: no visible global function definition for 'abline'
    Undefined global functions or variables:
     abline cov pchisq pnorm points predict quantile rbinom rweibull
    Consider adding
     importFrom("graphics", "abline", "points")
     importFrom("stats", "cov", "pchisq", "pnorm", "predict", "quantile",
     "rbinom", "rweibull")
    to your NAMESPACE file.
Flavors: r-devel-linux-x86_64-debian-clang, r-devel-linux-x86_64-debian-gcc, r-devel-linux-x86_64-fedora-clang, r-devel-linux-x86_64-fedora-gcc, r-devel-windows-x86_64-new-UL, r-devel-windows-x86_64-new-TK, r-patched-linux-x86_64, r-release-linux-x86_64, r-release-macos-arm64, r-release-macos-x86_64, r-release-windows-ix86+x86_64, r-oldrel-macos-x86_64, r-oldrel-windows-ix86+x86_64