Last updated on 2023-03-24 22:55:12 CET.
Flavor | Version | Tinstall | Tcheck | Ttotal | Status | Flags |
---|---|---|---|---|---|---|
r-devel-linux-x86_64-debian-clang | 0.6 | 6.55 | 115.52 | 122.07 | OK | |
r-devel-linux-x86_64-debian-gcc | 0.6 | 4.68 | 82.56 | 87.24 | OK | |
r-devel-linux-x86_64-fedora-clang | 0.6 | 147.46 | NOTE | |||
r-devel-linux-x86_64-fedora-gcc | 0.6 | 161.48 | NOTE | |||
r-patched-linux-x86_64 | 0.6 | 4.65 | 112.43 | 117.08 | OK | |
r-release-linux-x86_64 | 0.6 | 6.13 | 111.73 | 117.86 | OK | |
r-release-macos-arm64 | 0.6 | 43.00 | NOTE | |||
r-release-macos-x86_64 | 0.6 | 83.00 | NOTE | |||
r-release-windows-x86_64 | 0.6 | 43.00 | 156.00 | 199.00 | OK | |
r-oldrel-macos-arm64 | 0.6 | 49.00 | NOTE | |||
r-oldrel-macos-x86_64 | 0.6 | 80.00 | NOTE | |||
r-oldrel-windows-ix86+x86_64 | 0.6 | 16.00 | 142.00 | 158.00 | OK |
Version: 0.6
Check: dependencies in R code
Result: NOTE
Namespace in Imports field not imported from: ‘BiasedUrn’
All declared Imports should be used.
Flavors: r-devel-linux-x86_64-fedora-clang, r-devel-linux-x86_64-fedora-gcc, r-release-macos-arm64, r-release-macos-x86_64, r-oldrel-macos-arm64, r-oldrel-macos-x86_64