CRAN Package Check Results for Package groupWQS

Last updated on 2022-01-26 22:54:52 CET.

Flavor Version Tinstall Tcheck Ttotal Status Flags
r-devel-linux-x86_64-debian-clang 0.0.3 2.57 116.40 118.97 OK
r-devel-linux-x86_64-debian-gcc 0.0.3 2.35 84.04 86.39 OK
r-devel-linux-x86_64-fedora-clang 0.0.3 144.82 NOTE
r-devel-linux-x86_64-fedora-gcc 0.0.3 135.76 NOTE
r-devel-windows-x86_64-new-UL 0.0.3 41.00 135.00 176.00 OK
r-devel-windows-x86_64-new-TK 0.0.3 NOTE
r-patched-linux-x86_64 0.0.3 2.08 114.51 116.59 OK
r-release-linux-x86_64 0.0.3 2.48 115.16 117.64 OK
r-release-macos-arm64 0.0.3 NOTE
r-release-macos-x86_64 0.0.3 NOTE
r-release-windows-ix86+x86_64 0.0.3 7.00 135.00 142.00 OK
r-oldrel-macos-x86_64 0.0.3 NOTE
r-oldrel-windows-ix86+x86_64 0.0.3 7.00 141.00 148.00 OK

Check Details

Version: 0.0.3
Check: dependencies in R code
Result: NOTE
    Namespaces in Imports field not imported from:
     ‘MASS’ ‘rjags’
     All declared Imports should be used.
Flavors: r-devel-linux-x86_64-fedora-clang, r-devel-linux-x86_64-fedora-gcc, r-devel-windows-x86_64-new-TK, r-release-macos-arm64, r-release-macos-x86_64, r-oldrel-macos-x86_64