CRAN Package Check Results for Package growfunctions

Last updated on 2021-12-01 22:53:13 CET.

Flavor Version Tinstall Tcheck Ttotal Status Flags
r-devel-linux-x86_64-debian-clang 0.15 253.51 126.60 380.11 OK
r-devel-linux-x86_64-debian-gcc 0.15 201.46 92.67 294.13 OK
r-devel-linux-x86_64-fedora-clang 0.15 574.53 NOTE
r-devel-linux-x86_64-fedora-gcc 0.15 528.05 OK
r-devel-windows-x86_64-new-UL 0.15 323.00 205.00 528.00 OK
r-devel-windows-x86_64-new-TK 0.15 OK
r-devel-windows-x86_64-old 0.15 318.00 121.00 439.00 OK
r-patched-linux-x86_64 0.15 239.17 118.02 357.19 OK
r-patched-solaris-x86 0.15 456.40 OK
r-release-linux-x86_64 0.15 234.98 118.39 353.37 OK
r-release-macos-arm64 0.15 NOTE
r-release-macos-x86_64 0.15 NOTE
r-release-windows-ix86+x86_64 0.15 624.00 248.00 872.00 OK
r-oldrel-macos-x86_64 0.15 NOTE
r-oldrel-windows-ix86+x86_64 0.15 623.00 240.00 863.00 OK

Check Details

Version: 0.15
Check: installed package size
Result: NOTE
     installed size is 16.0Mb
     sub-directories of 1Mb or more:
     libs 15.5Mb
Flavors: r-devel-linux-x86_64-fedora-clang, r-release-macos-arm64, r-release-macos-x86_64, r-oldrel-macos-x86_64