CRAN Package Check Results for Package gstar

Last updated on 2021-12-06 21:51:15 CET.

Flavor Version Tinstall Tcheck Ttotal Status Flags
r-devel-linux-x86_64-debian-clang 0.1.0 6.22 60.85 67.07 OK
r-devel-linux-x86_64-debian-gcc 0.1.0 4.81 45.96 50.77 OK
r-devel-linux-x86_64-fedora-clang 0.1.0 79.68 NOTE
r-devel-linux-x86_64-fedora-gcc 0.1.0 67.28 NOTE
r-devel-windows-x86_64-new-UL 0.1.0 12.00 89.00 101.00 OK
r-devel-windows-x86_64-new-TK 0.1.0 NOTE
r-devel-windows-x86_64-old 0.1.0 9.00 53.00 62.00 OK
r-patched-linux-x86_64 0.1.0 5.73 48.13 53.86 OK
r-release-linux-x86_64 0.1.0 5.84 57.00 62.84 OK
r-release-macos-arm64 0.1.0 NOTE
r-release-macos-x86_64 0.1.0 NOTE
r-release-windows-ix86+x86_64 0.1.0 14.00 73.00 87.00 OK
r-oldrel-macos-x86_64 0.1.0 NOTE
r-oldrel-windows-ix86+x86_64 0.1.0 14.00 71.00 85.00 OK

Check Details

Version: 0.1.0
Check: dependencies in R code
Result: NOTE
    Namespace in Imports field not imported from: ‘dplyr’
     All declared Imports should be used.
Flavors: r-devel-linux-x86_64-fedora-clang, r-devel-linux-x86_64-fedora-gcc, r-devel-windows-x86_64-new-TK, r-release-macos-arm64, r-release-macos-x86_64, r-oldrel-macos-x86_64