CRAN Package Check Results for Package gte

Last updated on 2024-02-23 23:10:08 CET.

Flavor Version Tinstall Tcheck Ttotal Status Flags
r-devel-linux-x86_64-debian-clang 1.2-3 NOTE
r-devel-linux-x86_64-debian-gcc 1.2-3 6.91 50.50 57.41 NOTE
r-devel-linux-x86_64-fedora-clang 1.2-3 90.96 OK
r-devel-linux-x86_64-fedora-gcc 1.2-3 92.02 OK
r-devel-windows-x86_64 1.2-3 9.00 68.00 77.00 OK
r-patched-linux-x86_64 1.2-3 7.14 64.51 71.65 OK
r-release-linux-x86_64 1.2-3 8.99 65.03 74.02 OK
r-release-macos-arm64 1.2-3 33.00 OK
r-release-macos-x86_64 1.2-3 54.00 OK
r-release-windows-x86_64 1.2-3 12.00 75.00 87.00 OK
r-oldrel-macos-arm64 1.2-3 35.00 OK
r-oldrel-windows-x86_64 1.2-3 11.00 87.00 98.00 OK

Check Details

Version: 1.2-3
Check: Rd files
Result: NOTE checkRd: (-1) gte.Rd:98: Lost braces; missing escapes or markup? 98 | \code{left} and {right} for illustrative purpose), one would need a third variable (\code{status}) taking the value 0 | ^ Flavors: r-devel-linux-x86_64-debian-clang, r-devel-linux-x86_64-debian-gcc