CRAN Package Check Results for Package gtools

Last updated on 2021-12-05 22:48:53 CET.

Flavor Version Tinstall Tcheck Ttotal Status Flags
r-devel-linux-x86_64-debian-clang 3.9.2 5.42 144.25 149.67 NOTE
r-devel-linux-x86_64-debian-gcc 3.9.2 3.52 105.11 108.63 NOTE
r-devel-linux-x86_64-fedora-clang 3.9.2 178.56 NOTE
r-devel-linux-x86_64-fedora-gcc 3.9.2 150.07 NOTE
r-devel-windows-x86_64-new-UL 3.9.2 19.00 261.00 280.00 NOTE
r-devel-windows-x86_64-new-TK 3.9.2 NOTE
r-devel-windows-x86_64-old 3.9.2 11.00 172.00 183.00 NOTE
r-patched-linux-x86_64 3.9.2 4.72 43.15 47.87 NOTE
r-release-linux-x86_64 3.9.2 3.94 50.90 54.84 NOTE
r-release-macos-arm64 3.9.2 NOTE
r-release-macos-x86_64 3.9.2 NOTE
r-release-windows-ix86+x86_64 3.9.2 16.00 90.00 106.00 NOTE
r-oldrel-macos-x86_64 3.9.2 NOTE
r-oldrel-windows-ix86+x86_64 3.9.2 38.00 88.00 126.00 NOTE

Check Details

Version: 3.9.2
Check: R code for possible problems
Result: NOTE
    Found the following possibly unsafe calls:
    File 'gtools/R/unByteCode.R':
     unlockBinding(name, env = env)
Flavors: r-devel-linux-x86_64-debian-clang, r-devel-linux-x86_64-debian-gcc, r-devel-linux-x86_64-fedora-clang, r-devel-linux-x86_64-fedora-gcc, r-devel-windows-x86_64-new-UL, r-devel-windows-x86_64-new-TK, r-devel-windows-x86_64-old, r-patched-linux-x86_64, r-release-linux-x86_64, r-release-macos-arm64, r-release-macos-x86_64, r-release-windows-ix86+x86_64, r-oldrel-macos-x86_64, r-oldrel-windows-ix86+x86_64