Last updated on 2023-06-02 23:03:21 CEST.
Flavor | Version | Tinstall | Tcheck | Ttotal | Status | Flags |
---|---|---|---|---|---|---|
r-devel-linux-x86_64-debian-clang | 0.2.3 | 8.58 | 76.95 | 85.53 | OK | |
r-devel-linux-x86_64-debian-gcc | 0.2.3 | 7.45 | 57.90 | 65.35 | OK | |
r-devel-linux-x86_64-fedora-clang | 0.2.3 | 106.17 | NOTE | |||
r-devel-linux-x86_64-fedora-gcc | 0.2.3 | 111.64 | NOTE | |||
r-devel-windows-x86_64 | 0.2.3 | 11.00 | 77.00 | 88.00 | OK | |
r-patched-linux-x86_64 | 0.2.3 | OK | ||||
r-release-linux-x86_64 | 0.2.3 | 6.80 | 74.08 | 80.88 | OK | |
r-release-macos-arm64 | 0.2.3 | 43.00 | NOTE | |||
r-release-macos-x86_64 | 0.2.3 | 65.00 | NOTE | |||
r-release-windows-x86_64 | 0.2.3 | 13.00 | 95.00 | 108.00 | OK | |
r-oldrel-macos-arm64 | 0.2.3 | 43.00 | NOTE | |||
r-oldrel-macos-x86_64 | 0.2.3 | 56.00 | NOTE | |||
r-oldrel-windows-x86_64 | 0.2.3 | 13.00 | 97.00 | 110.00 | OK |
Version: 0.2.3
Check: installed package size
Result: NOTE
installed size is 5.1Mb
sub-directories of 1Mb or more:
data 4.6Mb
Flavors: r-devel-linux-x86_64-fedora-clang, r-release-macos-arm64, r-release-macos-x86_64, r-oldrel-macos-arm64, r-oldrel-macos-x86_64
Version: 0.2.3
Check: data for non-ASCII characters
Result: NOTE
Note: found 18981 marked UTF-8 strings
Flavors: r-devel-linux-x86_64-fedora-clang, r-devel-linux-x86_64-fedora-gcc, r-oldrel-macos-x86_64