CRAN Package Check Results for Package gwsem

Last updated on 2022-01-27 23:01:04 CET.

Flavor Version Tinstall Tcheck Ttotal Status Flags
r-devel-linux-x86_64-debian-clang 2.1.4 143.74 342.77 486.51 OK
r-devel-linux-x86_64-debian-gcc 2.1.4 96.60 333.99 430.59 OK
r-devel-linux-x86_64-fedora-clang 2.1.4 516.73 NOTE
r-devel-linux-x86_64-fedora-gcc 2.1.4 488.70 OK
r-devel-windows-x86_64-new-UL 2.1.4 152.00 157.00 309.00 OK
r-devel-windows-x86_64-new-TK 2.1.4 OK
r-patched-linux-x86_64 2.1.4 104.86 341.01 445.87 OK
r-release-linux-x86_64 2.1.4 114.49 332.45 446.94 OK
r-release-macos-arm64 2.1.4 NOTE
r-release-macos-x86_64 2.1.4 NOTE
r-release-windows-ix86+x86_64 2.1.4 292.00 178.00 470.00 NOTE
r-oldrel-macos-x86_64 2.1.4 NOTE
r-oldrel-windows-ix86+x86_64 2.1.4 292.00 177.00 469.00 NOTE

Check Details

Version: 2.1.4
Check: installed package size
Result: NOTE
     installed size is 10.8Mb
     sub-directories of 1Mb or more:
     libs 9.5Mb
Flavors: r-devel-linux-x86_64-fedora-clang, r-release-macos-arm64, r-release-macos-x86_64, r-release-windows-ix86+x86_64, r-oldrel-macos-x86_64, r-oldrel-windows-ix86+x86_64