Last updated on 2022-05-20 22:53:11 CEST.
Flavor | Version | Tinstall | Tcheck | Ttotal | Status | Flags |
---|---|---|---|---|---|---|
r-devel-linux-x86_64-debian-clang | 3.36.0.4 | 32.08 | 177.06 | 209.14 | OK | |
r-devel-linux-x86_64-debian-gcc | 3.36.0.4 | 27.42 | 133.01 | 160.43 | OK | |
r-devel-linux-x86_64-fedora-clang | 3.36.0.4 | 249.90 | NOTE | |||
r-devel-linux-x86_64-fedora-gcc | 3.36.0.4 | 251.74 | OK | |||
r-devel-windows-x86_64 | 3.36.0.4 | 293.00 | 239.00 | 532.00 | NOTE | |
r-patched-linux-x86_64 | 3.36.0.4 | 40.05 | 167.77 | 207.82 | OK | |
r-release-linux-x86_64 | 3.36.0.4 | 35.34 | 171.39 | 206.73 | OK | |
r-release-macos-arm64 | 3.36.0.4 | 154.00 | NOTE | |||
r-release-macos-x86_64 | 3.36.0.4 | 159.00 | NOTE | |||
r-release-windows-x86_64 | 3.36.0.4 | 270.00 | 222.00 | 492.00 | NOTE | |
r-oldrel-macos-arm64 | 3.36.0.4 | 122.00 | NOTE | |||
r-oldrel-macos-x86_64 | 3.36.0.4 | 161.00 | NOTE | |||
r-oldrel-windows-ix86+x86_64 | 3.36.0.4 | 79.00 | 195.00 | 274.00 | NOTE |
Version: 3.36.0.4
Check: installed package size
Result: NOTE
installed size is 181.1Mb
sub-directories of 1Mb or more:
R 1.4Mb
java 178.3Mb
Flavors: r-devel-linux-x86_64-fedora-clang, r-devel-windows-x86_64, r-release-macos-arm64, r-release-macos-x86_64, r-release-windows-x86_64, r-oldrel-macos-arm64, r-oldrel-macos-x86_64, r-oldrel-windows-ix86+x86_64