CRAN Package Check Results for Package hacksaw

Last updated on 2021-12-04 22:59:35 CET.

Flavor Version Tinstall Tcheck Ttotal Status Flags
r-devel-linux-x86_64-debian-clang 0.0.2 2.22 33.42 35.64 NOTE
r-devel-linux-x86_64-debian-gcc 0.0.2 1.81 26.77 28.58 NOTE
r-devel-linux-x86_64-fedora-clang 0.0.2 44.86 NOTE
r-devel-linux-x86_64-fedora-gcc 0.0.2 34.01 NOTE
r-devel-windows-x86_64-new-UL 0.0.2 7.00 58.00 65.00 NOTE
r-devel-windows-x86_64-new-TK 0.0.2 NOTE
r-devel-windows-x86_64-old 0.0.2 5.00 32.00 37.00 NOTE
r-patched-linux-x86_64 0.0.2 2.29 24.41 26.70 NOTE
r-release-linux-x86_64 0.0.2 2.26 24.68 26.94 NOTE
r-release-macos-arm64 0.0.2 NOTE
r-release-macos-x86_64 0.0.2 NOTE
r-release-windows-ix86+x86_64 0.0.2 5.00 46.00 51.00 NOTE
r-oldrel-macos-x86_64 0.0.2 OK
r-oldrel-windows-ix86+x86_64 0.0.2 6.00 43.00 49.00 OK

Check Details

Version: 0.0.2
Check: LazyData
Result: NOTE
     'LazyData' is specified without a 'data' directory
Flavors: r-devel-linux-x86_64-debian-clang, r-devel-linux-x86_64-debian-gcc, r-devel-linux-x86_64-fedora-clang, r-devel-linux-x86_64-fedora-gcc, r-devel-windows-x86_64-new-UL, r-devel-windows-x86_64-new-TK, r-devel-windows-x86_64-old, r-patched-linux-x86_64, r-release-linux-x86_64, r-release-macos-arm64, r-release-macos-x86_64, r-release-windows-ix86+x86_64