CRAN Package Check Results for Package harmony

Last updated on 2024-02-20 23:53:56 CET.

Flavor Version Tinstall Tcheck Ttotal Status Flags
r-devel-linux-x86_64-debian-clang 1.2.0 OK
r-devel-linux-x86_64-debian-gcc 1.2.0 64.71 154.87 219.58 OK
r-devel-linux-x86_64-fedora-clang 1.2.0 408.89 NOTE
r-devel-linux-x86_64-fedora-gcc 1.2.0 402.11 OK
r-devel-windows-x86_64 1.2.0 69.00 202.00 271.00 NOTE
r-patched-linux-x86_64 1.2.0 63.75 207.74 271.49 OK
r-release-linux-x86_64 1.2.0 61.44 203.89 265.33 OK
r-release-macos-arm64 1.2.0 108.00 NOTE
r-release-macos-x86_64 1.2.0 231.00 NOTE
r-release-windows-x86_64 1.2.0 86.00 238.00 324.00 NOTE
r-oldrel-macos-arm64 1.2.0 121.00 NOTE
r-oldrel-windows-x86_64 1.2.0 81.00 232.00 313.00 NOTE

Check Details

Version: 1.2.0
Check: installed package size
Result: NOTE installed size is 6.2Mb sub-directories of 1Mb or more: data 2.7Mb doc 2.6Mb Flavors: r-devel-linux-x86_64-fedora-clang, r-devel-windows-x86_64, r-release-macos-arm64, r-release-macos-x86_64, r-release-windows-x86_64, r-oldrel-macos-arm64, r-oldrel-windows-x86_64