Last updated on 2022-05-19 22:54:11 CEST.
Flavor | Version | Tinstall | Tcheck | Ttotal | Status | Flags |
---|---|---|---|---|---|---|
r-devel-linux-x86_64-debian-clang | 0.1 | 3.15 | 49.06 | 52.21 | NOTE | |
r-devel-linux-x86_64-debian-gcc | 0.1 | 2.40 | 36.96 | 39.36 | NOTE | |
r-devel-linux-x86_64-fedora-clang | 0.1 | 60.82 | NOTE | |||
r-devel-linux-x86_64-fedora-gcc | 0.1 | 59.80 | NOTE | |||
r-devel-windows-x86_64 | 0.1 | 12.00 | 66.00 | 78.00 | NOTE | |
r-patched-linux-x86_64 | 0.1 | 3.17 | 45.91 | 49.08 | NOTE | |
r-release-linux-x86_64 | 0.1 | 2.84 | 45.94 | 48.78 | NOTE | |
r-release-macos-arm64 | 0.1 | 24.00 | NOTE | |||
r-release-macos-x86_64 | 0.1 | 30.00 | NOTE | |||
r-release-windows-x86_64 | 0.1 | 15.00 | 70.00 | 85.00 | NOTE | |
r-oldrel-macos-arm64 | 0.1 | 31.00 | NOTE | |||
r-oldrel-macos-x86_64 | 0.1 | 37.00 | NOTE | |||
r-oldrel-windows-ix86+x86_64 | 0.1 | 7.00 | 54.00 | 61.00 | NOTE |
Version: 0.1
Check: R code for possible problems
Result: NOTE
extract_hazus_functions: no visible global function definition for
'data'
Undefined global functions or variables:
data
Consider adding
importFrom("utils", "data")
to your NAMESPACE file.
Flavors: r-devel-linux-x86_64-debian-clang, r-devel-linux-x86_64-debian-gcc, r-devel-linux-x86_64-fedora-clang, r-devel-linux-x86_64-fedora-gcc, r-devel-windows-x86_64, r-patched-linux-x86_64, r-release-linux-x86_64, r-release-macos-arm64, r-release-macos-x86_64, r-release-windows-x86_64, r-oldrel-macos-arm64, r-oldrel-macos-x86_64, r-oldrel-windows-ix86+x86_64