CRAN Package Check Results for Package hdnom

Last updated on 2024-02-25 23:02:09 CET.

Flavor Version Tinstall Tcheck Ttotal Status Flags
r-devel-linux-x86_64-debian-clang 6.0.2 20.05 212.22 232.27 NOTE
r-devel-linux-x86_64-debian-gcc 6.0.2 16.93 151.61 168.54 NOTE
r-devel-linux-x86_64-fedora-clang 6.0.2 280.50 OK
r-devel-linux-x86_64-fedora-gcc 6.0.2 291.50 OK
r-devel-windows-x86_64 6.0.2 21.00 181.00 202.00 OK
r-patched-linux-x86_64 6.0.2 18.51 202.69 221.20 OK
r-release-linux-x86_64 6.0.2 18.68 202.89 221.57 OK
r-release-macos-arm64 6.0.2 98.00 OK
r-release-macos-x86_64 6.0.2 186.00 OK
r-release-windows-x86_64 6.0.2 29.00 227.00 256.00 OK
r-oldrel-macos-arm64 6.0.2 93.00 OK
r-oldrel-windows-x86_64 6.0.2 26.00 216.00 242.00 OK

Check Details

Version: 6.0.2
Check: Rd files
Result: NOTE checkRd: (-1) fit_aenet.Rd:34: Lost braces; missing escapes or markup? 34 | default is {FALSE}. To enable parallel tuning, load the | ^ checkRd: (-1) fit_enet.Rd:33: Lost braces; missing escapes or markup? 33 | default is {FALSE}. To enable parallel tuning, load the | ^ checkRd: (-1) fit_flasso.Rd:46: Lost braces; missing escapes or markup? 46 | default is {FALSE}. To enable parallel tuning, load the | ^ checkRd: (-1) fit_mcp.Rd:38: Lost braces; missing escapes or markup? 38 | default is {FALSE}. To enable parallel tuning, load the | ^ checkRd: (-1) fit_mnet.Rd:41: Lost braces; missing escapes or markup? 41 | default is {FALSE}. To enable parallel tuning, load the | ^ checkRd: (-1) fit_scad.Rd:38: Lost braces; missing escapes or markup? 38 | default is {FALSE}. To enable parallel tuning, load the | ^ checkRd: (-1) fit_snet.Rd:41: Lost braces; missing escapes or markup? 41 | default is {FALSE}. To enable parallel tuning, load the | ^ Flavors: r-devel-linux-x86_64-debian-clang, r-devel-linux-x86_64-debian-gcc