Last updated on 2022-05-27 22:51:57 CEST.
Flavor | Version | Tinstall | Tcheck | Ttotal | Status | Flags |
---|---|---|---|---|---|---|
r-devel-linux-x86_64-debian-clang | 1.0.2 | 13.71 | 145.42 | 159.13 | OK | |
r-devel-linux-x86_64-debian-gcc | 1.0.2 | 10.65 | 105.20 | 115.85 | OK | |
r-devel-linux-x86_64-fedora-clang | 1.0.2 | 176.55 | NOTE | |||
r-devel-linux-x86_64-fedora-gcc | 1.0.2 | 178.53 | NOTE | |||
r-devel-windows-x86_64 | 1.0.2 | 41.00 | 149.00 | 190.00 | OK | |
r-patched-linux-x86_64 | 1.0.2 | 12.04 | 134.22 | 146.26 | OK | |
r-release-linux-x86_64 | 1.0.2 | 10.13 | 135.57 | 145.70 | OK | |
r-release-macos-arm64 | 1.0.2 | 51.00 | NOTE | |||
r-release-macos-x86_64 | 1.0.2 | 84.00 | NOTE | |||
r-release-windows-x86_64 | 1.0.2 | 28.00 | 149.00 | 177.00 | OK | |
r-oldrel-macos-arm64 | 1.0.2 | 45.00 | NOTE | |||
r-oldrel-macos-x86_64 | 1.0.2 | 67.00 | NOTE | |||
r-oldrel-windows-ix86+x86_64 | 1.0.2 | 38.00 | 149.00 | 187.00 | OK |
Version: 1.0.2
Check: dependencies in R code
Result: NOTE
Namespaces in Imports field not imported from:
‘TidyDensity’ ‘healthyR’ ‘healthyR.ai’ ‘healthyR.data’ ‘healthyR.ts’
All declared Imports should be used.
Flavors: r-devel-linux-x86_64-fedora-clang, r-devel-linux-x86_64-fedora-gcc, r-release-macos-arm64, r-release-macos-x86_64, r-oldrel-macos-arm64, r-oldrel-macos-x86_64