Last updated on 2023-06-01 23:00:05 CEST.
Flavor | Version | Tinstall | Tcheck | Ttotal | Status | Flags |
---|---|---|---|---|---|---|
r-devel-linux-x86_64-debian-clang | 1.0.4 | 11.91 | 90.35 | 102.26 | OK | |
r-devel-linux-x86_64-debian-gcc | 1.0.4 | 11.71 | 69.85 | 81.56 | OK | |
r-devel-linux-x86_64-fedora-clang | 1.0.4 | 132.40 | NOTE | |||
r-devel-linux-x86_64-fedora-gcc | 1.0.4 | 148.43 | NOTE | |||
r-devel-windows-x86_64 | 1.0.4 | 15.00 | 87.00 | 102.00 | OK | |
r-patched-linux-x86_64 | 1.0.4 | OK | ||||
r-release-linux-x86_64 | 1.0.4 | 13.50 | 88.52 | 102.02 | OK | |
r-release-macos-arm64 | 1.0.4 | 47.00 | OK | |||
r-release-macos-x86_64 | 1.0.4 | 89.00 | OK | |||
r-release-windows-x86_64 | 1.0.4 | 17.00 | 109.00 | 126.00 | OK | |
r-oldrel-macos-arm64 | 1.0.4 | 52.00 | OK | |||
r-oldrel-macos-x86_64 | 1.0.4 | 73.00 | OK | |||
r-oldrel-windows-x86_64 | 1.0.4 | 19.00 | 131.00 | 150.00 | OK |
Version: 1.0.4
Check: dependencies in R code
Result: NOTE
Namespaces in Imports field not imported from:
‘TidyDensity’ ‘healthyR’ ‘healthyR.ai’ ‘healthyR.data’ ‘healthyR.ts’
‘tidyAML’
All declared Imports should be used.
Flavors: r-devel-linux-x86_64-fedora-clang, r-devel-linux-x86_64-fedora-gcc