CRAN Package Check Results for Package helda

Last updated on 2022-05-20 22:53:12 CEST.

Flavor Version Tinstall Tcheck Ttotal Status Flags
r-devel-linux-x86_64-debian-clang 1.1.5 8.77 103.14 111.91 OK
r-devel-linux-x86_64-debian-gcc 1.1.5 7.16 72.77 79.93 OK
r-devel-linux-x86_64-fedora-clang 1.1.5 125.55 NOTE
r-devel-linux-x86_64-fedora-gcc 1.1.5 121.13 NOTE
r-devel-windows-x86_64 1.1.5 26.00 108.00 134.00 OK
r-patched-linux-x86_64 1.1.5 8.04 92.77 100.81 OK
r-release-linux-x86_64 1.1.5 9.56 94.77 104.33 OK
r-release-macos-arm64 1.1.5 33.00 NOTE
r-release-macos-x86_64 1.1.5 68.00 NOTE
r-release-windows-x86_64 1.1.5 23.00 118.00 141.00 OK
r-oldrel-macos-arm64 1.1.5 39.00 NOTE
r-oldrel-macos-x86_64 1.1.5 57.00 NOTE
r-oldrel-windows-ix86+x86_64 1.1.5 20.00 110.00 130.00 OK

Check Details

Version: 1.1.5
Check: data for non-ASCII characters
Result: NOTE
     Note: found 1 marked UTF-8 string
Flavors: r-devel-linux-x86_64-fedora-clang, r-devel-linux-x86_64-fedora-gcc, r-release-macos-arm64, r-release-macos-x86_64, r-oldrel-macos-arm64, r-oldrel-macos-x86_64