CRAN Package Check Results for Package heplots

Last updated on 2022-01-15 23:00:28 CET.

Flavor Version Tinstall Tcheck Ttotal Status Flags
r-devel-linux-x86_64-debian-clang 1.3-9 5.69 120.47 126.16 OK
r-devel-linux-x86_64-debian-gcc 1.3-9 6.16 89.43 95.59 OK
r-devel-linux-x86_64-fedora-clang 1.3-9 162.80 NOTE
r-devel-linux-x86_64-fedora-gcc 1.3-9 154.46 OK
r-devel-windows-x86_64-new-UL 1.3-9 78.00 216.00 294.00 OK
r-devel-windows-x86_64-new-TK 1.3-9 ERROR
r-patched-linux-x86_64 1.3-9 9.16 119.39 128.55 OK
r-release-linux-x86_64 1.3-9 5.75 117.56 123.31 OK
r-release-macos-arm64 1.3-9 OK
r-release-macos-x86_64 1.3-9 OK
r-release-windows-ix86+x86_64 1.3-9 14.00 152.00 166.00 OK
r-oldrel-macos-x86_64 1.3-9 OK
r-oldrel-windows-ix86+x86_64 1.3-9 13.00 151.00 164.00 OK

Check Details

Version: 1.3-9
Check: Rd cross-references
Result: NOTE
    Undeclared packages ‘Sleuth2’, ‘rrcov’, ‘carData’, ‘qqtest’ in Rd xrefs
Flavor: r-devel-linux-x86_64-fedora-clang

Version: 1.3-9
Check: package dependencies
Result: ERROR
    Package required but not available: 'car'
    
    Packages suggested but not available for checking:
     'candisc', 'effects', 'mvinfluence'
    
    See section 'The DESCRIPTION file' in the 'Writing R Extensions'
    manual.
Flavor: r-devel-windows-x86_64-new-TK