CRAN Package Check Results for Package hermiter

Last updated on 2024-02-25 23:02:09 CET.

Flavor Version Tinstall Tcheck Ttotal Status Flags
r-devel-linux-x86_64-debian-clang 2.3.0 34.92 76.11 111.03 NOTE
r-devel-linux-x86_64-debian-gcc 2.3.0 24.45 56.77 81.22 NOTE
r-devel-linux-x86_64-fedora-clang 2.3.0 139.88 NOTE
r-devel-linux-x86_64-fedora-gcc 2.3.0 150.12 NOTE
r-devel-windows-x86_64 2.3.0 28.00 105.00 133.00 NOTE
r-patched-linux-x86_64 2.3.0 27.99 72.60 100.59 NOTE
r-release-linux-x86_64 2.3.0 29.28 71.85 101.13 NOTE
r-release-macos-arm64 2.3.0 44.00 NOTE
r-release-macos-x86_64 2.3.0 129.00 NOTE
r-release-windows-x86_64 2.3.0 26.00 123.00 149.00 NOTE
r-oldrel-macos-arm64 2.3.0 41.00 NOTE
r-oldrel-windows-x86_64 2.3.0 34.00 109.00 143.00 NOTE

Additional issues

Intel

Check Details

Version: 2.3.0
Check: for GNU extensions in Makefiles
Result: NOTE GNU make is a SystemRequirements. Flavors: r-devel-linux-x86_64-debian-clang, r-devel-linux-x86_64-debian-gcc, r-devel-linux-x86_64-fedora-clang, r-devel-linux-x86_64-fedora-gcc, r-devel-windows-x86_64, r-patched-linux-x86_64, r-release-linux-x86_64, r-release-macos-arm64, r-release-macos-x86_64, r-release-windows-x86_64, r-oldrel-macos-arm64, r-oldrel-windows-x86_64