CRAN Package Check Results for Package hesim

Last updated on 2024-02-20 23:53:56 CET.

Flavor Version Tinstall Tcheck Ttotal Status Flags
r-devel-linux-x86_64-debian-clang 0.5.4 OK
r-devel-linux-x86_64-debian-gcc 0.5.4 305.01 330.36 635.37 OK
r-devel-linux-x86_64-fedora-clang 0.5.4 1114.75 NOTE
r-devel-linux-x86_64-fedora-gcc 0.5.4 1182.28 NOTE
r-devel-windows-x86_64 0.5.4 289.00 422.00 711.00 NOTE
r-patched-linux-x86_64 0.5.4 300.62 423.71 724.33 OK
r-release-linux-x86_64 0.5.4 280.05 418.50 698.55 OK
r-release-macos-arm64 0.5.4 265.00 NOTE
r-release-macos-x86_64 0.5.4 509.00 NOTE
r-release-windows-x86_64 0.5.4 373.00 507.00 880.00 NOTE
r-oldrel-macos-arm64 0.5.4 257.00 NOTE
r-oldrel-windows-x86_64 0.5.4 354.00 470.00 824.00 NOTE

Check Details

Version: 0.5.4
Check: installed package size
Result: NOTE installed size is 6.2Mb sub-directories of 1Mb or more: doc 2.2Mb libs 2.1Mb Flavors: r-devel-linux-x86_64-fedora-clang, r-devel-windows-x86_64, r-release-macos-arm64, r-release-macos-x86_64, r-release-windows-x86_64, r-oldrel-macos-arm64, r-oldrel-windows-x86_64

Version: 0.5.4
Check: dependencies in R code
Result: NOTE Namespace in Imports field not imported from: ‘R6’ All declared Imports should be used. Flavors: r-devel-linux-x86_64-fedora-clang, r-devel-linux-x86_64-fedora-gcc