Last updated on 2022-05-22 22:51:41 CEST.
Flavor | Version | Tinstall | Tcheck | Ttotal | Status | Flags |
---|---|---|---|---|---|---|
r-devel-linux-x86_64-debian-clang | 1.28.2 | 10.26 | 83.55 | 93.81 | OK | |
r-devel-linux-x86_64-debian-gcc | 1.28.2 | 8.25 | 64.94 | 73.19 | OK | |
r-devel-linux-x86_64-fedora-clang | 1.28.2 | 119.00 | OK | |||
r-devel-linux-x86_64-fedora-gcc | 1.28.2 | 111.26 | OK | |||
r-devel-windows-x86_64 | 1.28.2 | 44.00 | 118.00 | 162.00 | OK | |
r-patched-linux-x86_64 | 1.28.2 | 10.38 | 80.64 | 91.02 | OK | |
r-release-linux-x86_64 | 1.28.2 | 9.49 | 79.05 | 88.54 | OK | |
r-release-macos-arm64 | 1.28.2 | 39.00 | NOTE | |||
r-release-macos-x86_64 | 1.28.2 | 53.00 | OK | |||
r-release-windows-x86_64 | 1.28.2 | 48.00 | 126.00 | 174.00 | OK | |
r-oldrel-macos-arm64 | 1.28.2 | 43.00 | NOTE | |||
r-oldrel-macos-x86_64 | 1.28.2 | 68.00 | OK | |||
r-oldrel-windows-ix86+x86_64 | 1.28.2 | 33.00 | 131.00 | 164.00 | OK |
Version: 1.28.2
Check: package dependencies
Result: NOTE
Packages suggested but not available for checking:
'marray', 'affy', 'Biobase', 'limma'
Flavor: r-release-macos-arm64
Version: 1.28.2
Check: Rd cross-references
Result: NOTE
Package unavailable to check Rd xrefs: ‘limma’
Flavor: r-release-macos-arm64
Version: 1.28.2
Check: package dependencies
Result: NOTE
Package suggested but not available for checking: ‘marray’
Flavor: r-oldrel-macos-arm64