CRAN Package Check Results for Package hhh4contacts

Last updated on 2022-01-26 22:54:52 CET.

Flavor Version Tinstall Tcheck Ttotal Status Flags
r-devel-linux-x86_64-debian-clang 0.13.1 11.42 116.14 127.56 OK
r-devel-linux-x86_64-debian-gcc 0.13.1 10.11 89.73 99.84 OK
r-devel-linux-x86_64-fedora-clang 0.13.1 146.65 NOTE
r-devel-linux-x86_64-fedora-gcc 0.13.1 143.17 OK
r-devel-windows-x86_64-new-UL 0.13.1 67.00 131.00 198.00 OK
r-devel-windows-x86_64-new-TK 0.13.1 OK
r-patched-linux-x86_64 0.13.1 14.17 103.60 117.77 OK
r-release-linux-x86_64 0.13.1 8.56 105.75 114.31 OK
r-release-macos-arm64 0.13.1 OK
r-release-macos-x86_64 0.13.1 OK
r-release-windows-ix86+x86_64 0.13.1 24.00 126.00 150.00 OK
r-oldrel-macos-x86_64 0.13.1 OK
r-oldrel-windows-ix86+x86_64 0.13.1 24.00 125.00 149.00 OK

Check Details

Version: 0.13.1
Check: Rd cross-references
Result: NOTE
    Undeclared packages ‘sp’, ‘rgeos’ in Rd xrefs
Flavor: r-devel-linux-x86_64-fedora-clang