CRAN Package Check Results for Package hhsmm

Last updated on 2022-01-26 22:54:52 CET.

Flavor Version Tinstall Tcheck Ttotal Status Flags
r-devel-linux-x86_64-debian-clang 0.2.4 14.15 131.80 145.95 OK
r-devel-linux-x86_64-debian-gcc 0.2.4 9.39 98.96 108.35 OK
r-devel-linux-x86_64-fedora-clang 0.2.4 172.54 OK
r-devel-linux-x86_64-fedora-gcc 0.2.4 160.20 OK
r-devel-windows-x86_64-new-UL 0.2.4 46.00 153.00 199.00 OK
r-devel-windows-x86_64-new-TK 0.2.4 ERROR
r-patched-linux-x86_64 0.2.4 10.76 122.17 132.93 OK
r-release-linux-x86_64 0.2.4 10.15 125.20 135.35 OK
r-release-macos-arm64 0.2.4 OK
r-release-macos-x86_64 0.2.4 OK
r-release-windows-ix86+x86_64 0.2.4 29.00 226.00 255.00 OK
r-oldrel-macos-x86_64 0.1.2 NOTE
r-oldrel-windows-ix86+x86_64 0.1.2 19.00 144.00 163.00 NOTE

Check Details

Version: 0.2.4
Check: package dependencies
Result: ERROR
    Package required but not available: 'cpr'
    
    See section 'The DESCRIPTION file' in the 'Writing R Extensions'
    manual.
Flavor: r-devel-windows-x86_64-new-TK

Version: 0.1.2
Check: installed package size
Result: NOTE
     installed size is 5.5Mb
     sub-directories of 1Mb or more:
     data 5.2Mb
Flavors: r-oldrel-macos-x86_64, r-oldrel-windows-ix86+x86_64