CRAN Package Check Results for Package highfrequency

Last updated on 2022-01-28 23:00:38 CET.

Flavor Version Tinstall Tcheck Ttotal Status Flags
r-devel-linux-x86_64-debian-clang 0.9.2 122.48 276.84 399.32 OK
r-devel-linux-x86_64-debian-gcc 0.9.2 96.59 205.06 301.65 OK
r-devel-linux-x86_64-fedora-clang 0.9.2 457.08 NOTE
r-devel-linux-x86_64-fedora-gcc 0.9.2 423.27 OK
r-devel-windows-x86_64-new-UL 0.9.2 433.00 289.00 722.00 OK
r-devel-windows-x86_64-new-TK 0.9.2 OK
r-patched-linux-x86_64 0.9.2 110.38 227.34 337.72 OK
r-release-linux-x86_64 0.9.2 109.69 236.37 346.06 OK
r-release-macos-arm64 0.9.2 NOTE
r-release-macos-x86_64 0.9.2 NOTE
r-release-windows-ix86+x86_64 0.9.2 282.00 462.00 744.00 NOTE
r-oldrel-macos-x86_64 0.9.2 NOTE
r-oldrel-windows-ix86+x86_64 0.9.2 283.00 473.00 756.00 NOTE

Check Details

Version: 0.9.2
Check: installed package size
Result: NOTE
     installed size is 6.3Mb
     sub-directories of 1Mb or more:
     data 2.0Mb
     libs 3.3Mb
Flavors: r-devel-linux-x86_64-fedora-clang, r-release-macos-arm64, r-release-macos-x86_64, r-release-windows-ix86+x86_64, r-oldrel-macos-x86_64, r-oldrel-windows-ix86+x86_64