CRAN Package Check Results for Package higrad

Last updated on 2022-01-15 23:00:28 CET.

Flavor Version Tinstall Tcheck Ttotal Status Flags
r-devel-linux-x86_64-debian-clang 0.1.0 2.20 32.53 34.73 NOTE
r-devel-linux-x86_64-debian-gcc 0.1.0 1.35 25.44 26.79 NOTE
r-devel-linux-x86_64-fedora-clang 0.1.0 44.04 NOTE
r-devel-linux-x86_64-fedora-gcc 0.1.0 32.50 NOTE
r-devel-windows-x86_64-new-UL 0.1.0 13.00 50.00 63.00 NOTE
r-devel-windows-x86_64-new-TK 0.1.0 NOTE
r-patched-linux-x86_64 0.1.0 2.27 31.69 33.96 NOTE
r-release-linux-x86_64 0.1.0 2.18 31.25 33.43 NOTE
r-release-macos-arm64 0.1.0 NOTE
r-release-macos-x86_64 0.1.0 NOTE
r-release-windows-ix86+x86_64 0.1.0 5.00 41.00 46.00 NOTE
r-oldrel-macos-x86_64 0.1.0 OK
r-oldrel-windows-ix86+x86_64 0.1.0 5.00 41.00 46.00 OK

Check Details

Version: 0.1.0
Check: LazyData
Result: NOTE
     'LazyData' is specified without a 'data' directory
Flavors: r-devel-linux-x86_64-debian-clang, r-devel-linux-x86_64-debian-gcc, r-devel-linux-x86_64-fedora-clang, r-devel-linux-x86_64-fedora-gcc, r-devel-windows-x86_64-new-UL, r-devel-windows-x86_64-new-TK, r-patched-linux-x86_64, r-release-linux-x86_64, r-release-macos-arm64, r-release-macos-x86_64, r-release-windows-ix86+x86_64