CRAN Package Check Results for Package hillmakeR

Last updated on 2021-11-26 23:03:27 CET.

Flavor Version Tinstall Tcheck Ttotal Status Flags
r-devel-linux-x86_64-debian-clang 0.2 2.49 22.20 24.69 NOTE
r-devel-linux-x86_64-debian-gcc 0.2 1.68 17.72 19.40 NOTE
r-devel-linux-x86_64-fedora-clang 0.2 41.30 NOTE
r-devel-linux-x86_64-fedora-gcc 0.2 30.15 NOTE
r-devel-windows-x86_64-new-UL 0.2 8.00 60.00 68.00 NOTE
r-devel-windows-x86_64-new-TK 0.2 NOTE
r-devel-windows-x86_64-old 0.2 5.00 43.00 48.00 NOTE
r-patched-linux-x86_64 0.2 2.37 21.21 23.58 NOTE
r-patched-solaris-x86 0.2 46.80 NOTE
r-release-linux-x86_64 0.2 NOTE
r-release-macos-arm64 0.2 NOTE
r-release-macos-x86_64 0.2 NOTE
r-release-windows-ix86+x86_64 0.2 7.00 38.00 45.00 NOTE
r-oldrel-macos-x86_64 0.2 NOTE
r-oldrel-windows-ix86+x86_64 0.2 6.00 49.00 55.00 NOTE

Check Details

Version: 0.2
Check: DESCRIPTION meta-information
Result: NOTE
    Malformed Description field: should contain one or more complete sentences.
Flavors: r-devel-linux-x86_64-debian-clang, r-devel-linux-x86_64-debian-gcc, r-devel-linux-x86_64-fedora-clang, r-devel-linux-x86_64-fedora-gcc, r-devel-windows-x86_64-new-UL, r-devel-windows-x86_64-new-TK, r-devel-windows-x86_64-old, r-patched-linux-x86_64, r-patched-solaris-x86, r-release-linux-x86_64, r-release-macos-arm64, r-release-macos-x86_64, r-release-windows-ix86+x86_64, r-oldrel-macos-x86_64, r-oldrel-windows-ix86+x86_64

Version: 0.2
Check: R code for possible problems
Result: NOTE
    occupancy: no visible global function definition for 'quantile'
    Undefined global functions or variables:
     quantile
    Consider adding
     importFrom("stats", "quantile")
    to your NAMESPACE file.
Flavors: r-devel-linux-x86_64-debian-clang, r-devel-linux-x86_64-debian-gcc, r-devel-linux-x86_64-fedora-clang, r-devel-linux-x86_64-fedora-gcc, r-devel-windows-x86_64-new-UL, r-devel-windows-x86_64-new-TK, r-devel-windows-x86_64-old, r-patched-linux-x86_64, r-patched-solaris-x86, r-release-linux-x86_64, r-release-macos-arm64, r-release-macos-x86_64, r-release-windows-ix86+x86_64, r-oldrel-macos-x86_64, r-oldrel-windows-ix86+x86_64

Version: 0.2
Check: compiled code
Result: NOTE
    File ‘hillmakeR/libs/hillmakeR.so’:
     Found no calls to: ‘R_registerRoutines’, ‘R_useDynamicSymbols’
    
    It is good practice to register native routines and to disable symbol
    search.
    
    See ‘Writing portable packages’ in the ‘Writing R Extensions’ manual.
Flavors: r-devel-linux-x86_64-fedora-clang, r-devel-linux-x86_64-fedora-gcc