Last updated on 2023-09-29 21:53:56 CEST.
Flavor | Version | Tinstall | Tcheck | Ttotal | Status | Flags |
---|---|---|---|---|---|---|
r-devel-linux-x86_64-debian-clang | 1.3.1 | 96.86 | 67.84 | 164.70 | OK | |
r-devel-linux-x86_64-debian-gcc | 1.3.1 | 73.30 | 50.62 | 123.92 | OK | |
r-devel-linux-x86_64-fedora-clang | 1.3.1 | 242.83 | OK | |||
r-devel-linux-x86_64-fedora-gcc | 1.3.1 | 250.67 | OK | |||
r-devel-windows-x86_64 | 1.3.1 | 77.00 | 94.00 | 171.00 | OK | |
r-patched-linux-x86_64 | 1.3.1 | 79.35 | 61.84 | 141.19 | OK | |
r-release-linux-x86_64 | 1.3.1 | 77.96 | 63.12 | 141.08 | OK | |
r-release-macos-arm64 | 1.3.1 | 64.00 | NOTE | |||
r-release-macos-x86_64 | 1.3.1 | 102.00 | NOTE | |||
r-release-windows-x86_64 | 1.3.1 | 103.00 | 105.00 | 208.00 | OK | |
r-oldrel-macos-arm64 | 1.3.1 | 46.00 | NOTE | |||
r-oldrel-macos-x86_64 | 1.3.1 | 77.00 | NOTE | |||
r-oldrel-windows-x86_64 | 1.3.1 | 96.00 | 102.00 | 198.00 | OK |
Version: 1.3.1
Check: installed package size
Result: NOTE
installed size is 6.1Mb
sub-directories of 1Mb or more:
help 2.3Mb
libs 2.7Mb
Flavors: r-release-macos-arm64, r-release-macos-x86_64, r-oldrel-macos-arm64, r-oldrel-macos-x86_64