CRAN Package Check Results for Package hmm.discnp

Last updated on 2021-11-27 22:56:59 CET.

Flavor Version Tinstall Tcheck Ttotal Status Flags
r-devel-linux-x86_64-debian-clang 3.0-6 OK
r-devel-linux-x86_64-debian-gcc 3.0-6 6.19 37.61 43.80 OK
r-devel-linux-x86_64-fedora-clang 3.0-6 81.50 NOTE
r-devel-linux-x86_64-fedora-gcc 3.0-6 71.00 OK
r-devel-windows-x86_64-new-UL 3.0-6 25.00 93.00 118.00 OK
r-devel-windows-x86_64-new-TK 3.0-6 OK
r-devel-windows-x86_64-old 3.0-6 13.00 73.00 86.00 OK
r-patched-linux-x86_64 3.0-6 9.35 48.88 58.23 OK
r-patched-solaris-x86 3.0-6 92.00 OK
r-release-linux-x86_64 3.0-6 OK
r-release-macos-arm64 3.0-6 OK
r-release-macos-x86_64 3.0-6 OK
r-release-windows-ix86+x86_64 3.0-6 21.00 67.00 88.00 OK
r-oldrel-macos-x86_64 3.0-6 OK
r-oldrel-windows-ix86+x86_64 3.0-6 17.00 85.00 102.00 OK

Check Details

Version: 3.0-6
Check: Rd cross-references
Result: NOTE
    Undeclared package ‘HMM’ in Rd xrefs
Flavor: r-devel-linux-x86_64-fedora-clang