CRAN Package Check Results for Package hoa

Last updated on 2022-01-23 22:49:43 CET.

Flavor Version Tinstall Tcheck Ttotal Status Flags
r-devel-linux-x86_64-debian-clang 2.1.4.1 21.83 146.57 168.40 OK
r-devel-linux-x86_64-debian-gcc 2.1.4.1 17.80 122.44 140.24 OK
r-devel-linux-x86_64-fedora-clang 2.1.4.1 201.67 NOTE
r-devel-linux-x86_64-fedora-gcc 2.1.4.1 190.73 OK
r-devel-windows-x86_64-new-UL 2.1.4.1 79.00 187.00 266.00 OK
r-devel-windows-x86_64-new-TK 2.1.4.1 OK
r-patched-linux-x86_64 2.1.4.1 23.61 143.78 167.39 OK
r-release-linux-x86_64 2.1.4.1 20.51 143.78 164.29 OK
r-release-macos-arm64 2.1.4.1 OK
r-release-macos-x86_64 2.1.4.1 OK
r-release-windows-ix86+x86_64 2.1.4.1 35.00 169.00 204.00 OK
r-oldrel-macos-x86_64 2.1.4.1 OK
r-oldrel-windows-ix86+x86_64 2.1.4.1 33.00 169.00 202.00 OK

Check Details

Version: 2.1.4.1
Check: Rd cross-references
Result: NOTE
    Undeclared packages ‘nlreg’, ‘cond’, ‘marg’ in Rd xrefs
Flavor: r-devel-linux-x86_64-fedora-clang