CRAN Package Check Results for Package horseshoenlm

Last updated on 2022-01-16 22:51:15 CET.

Flavor Version Tinstall Tcheck Ttotal Status Flags
r-devel-linux-x86_64-debian-clang 0.0.6 2.20 59.16 61.36 NOTE
r-devel-linux-x86_64-debian-gcc 0.0.6 2.64 45.85 48.49 NOTE
r-devel-linux-x86_64-fedora-clang 0.0.6 77.83 NOTE
r-devel-linux-x86_64-fedora-gcc 0.0.6 64.38 NOTE
r-devel-windows-x86_64-new-UL 0.0.6 46.00 73.00 119.00 NOTE
r-devel-windows-x86_64-new-TK 0.0.6 NOTE
r-patched-linux-x86_64 0.0.6 2.71 56.40 59.11 NOTE
r-release-linux-x86_64 0.0.6 NOTE
r-release-macos-arm64 0.0.6 NOTE
r-release-macos-x86_64 0.0.6 NOTE
r-release-windows-ix86+x86_64 0.0.6 6.00 72.00 78.00 NOTE
r-oldrel-macos-x86_64 0.0.6 NOTE
r-oldrel-windows-ix86+x86_64 0.0.6 6.00 70.00 76.00 OK

Check Details

Version: 0.0.6
Check: LazyData
Result: NOTE
     'LazyData' is specified without a 'data' directory
Flavors: r-devel-linux-x86_64-debian-clang, r-devel-linux-x86_64-debian-gcc, r-devel-linux-x86_64-fedora-clang, r-devel-linux-x86_64-fedora-gcc, r-devel-windows-x86_64-new-UL, r-devel-windows-x86_64-new-TK, r-patched-linux-x86_64, r-release-linux-x86_64, r-release-macos-arm64, r-release-macos-x86_64, r-release-windows-ix86+x86_64

Version: 0.0.6
Check: dependencies in R code
Result: NOTE
    Namespace in Imports field not imported from: ‘survival’
     All declared Imports should be used.
Flavors: r-devel-linux-x86_64-fedora-clang, r-devel-linux-x86_64-fedora-gcc, r-devel-windows-x86_64-new-TK, r-release-macos-arm64, r-release-macos-x86_64, r-oldrel-macos-x86_64