CRAN Package Check Results for Package httk

Last updated on 2022-01-26 22:54:53 CET.

Flavor Version Tinstall Tcheck Ttotal Status Flags
r-devel-linux-x86_64-debian-clang 2.0.4 35.93 366.92 402.85 OK
r-devel-linux-x86_64-debian-gcc 2.0.4 27.88 276.04 303.92 OK
r-devel-linux-x86_64-fedora-clang 2.0.4 505.19 NOTE
r-devel-linux-x86_64-fedora-gcc 2.0.4 347.31 OK
r-devel-windows-x86_64-new-UL 2.0.4 157.00 491.00 648.00 NOTE
r-devel-windows-x86_64-new-TK 2.0.4 OK
r-patched-linux-x86_64 2.0.4 36.48 367.42 403.90 OK
r-release-linux-x86_64 2.0.4 30.10 366.87 396.97 OK
r-release-macos-arm64 2.0.4 NOTE
r-release-macos-x86_64 2.0.4 NOTE
r-release-windows-ix86+x86_64 2.0.4 59.00 582.00 641.00 NOTE
r-oldrel-macos-x86_64 2.0.4 NOTE
r-oldrel-windows-ix86+x86_64 2.0.4 60.00 582.00 642.00 NOTE

Check Details

Version: 2.0.4
Check: installed package size
Result: NOTE
     installed size is 7.5Mb
     sub-directories of 1Mb or more:
     data 4.5Mb
     doc 1.5Mb
Flavors: r-devel-linux-x86_64-fedora-clang, r-devel-windows-x86_64-new-UL, r-release-macos-arm64, r-release-macos-x86_64, r-release-windows-ix86+x86_64, r-oldrel-macos-x86_64, r-oldrel-windows-ix86+x86_64