CRAN Package Check Results for Package huge

Last updated on 2021-12-06 21:51:16 CET.

Flavor Version Tinstall Tcheck Ttotal Status Flags
r-devel-linux-x86_64-debian-clang 1.3.5 75.24 136.03 211.27 OK
r-devel-linux-x86_64-debian-gcc 1.3.5 51.78 110.49 162.27 OK
r-devel-linux-x86_64-fedora-clang 1.3.5 285.48 NOTE
r-devel-linux-x86_64-fedora-gcc 1.3.5 258.12 OK
r-devel-windows-x86_64-new-UL 1.3.5 95.00 219.00 314.00 OK
r-devel-windows-x86_64-new-TK 1.3.5 OK
r-devel-windows-x86_64-old 1.3.5 96.00 150.00 246.00 OK
r-patched-linux-x86_64 1.3.5 63.11 125.57 188.68 OK
r-release-linux-x86_64 1.3.5 65.59 132.57 198.16 OK
r-release-macos-arm64 1.3.5 NOTE
r-release-macos-x86_64 1.3.5 NOTE
r-release-windows-ix86+x86_64 1.3.5 173.00 248.00 421.00 OK
r-oldrel-macos-x86_64 1.3.5 NOTE
r-oldrel-windows-ix86+x86_64 1.3.5 174.00 256.00 430.00 OK

Check Details

Version: 1.3.5
Check: installed package size
Result: NOTE
     installed size is 8.7Mb
     sub-directories of 1Mb or more:
     libs 7.3Mb
Flavors: r-devel-linux-x86_64-fedora-clang, r-release-macos-arm64, r-release-macos-x86_64, r-oldrel-macos-x86_64