Last updated on 2023-05-29 23:03:47 CEST.
Flavor | Version | Tinstall | Tcheck | Ttotal | Status | Flags |
---|---|---|---|---|---|---|
r-devel-linux-x86_64-debian-clang | 0.1.0 | 19.61 | 190.98 | 210.59 | NOTE | |
r-devel-linux-x86_64-debian-gcc | 0.1.0 | 15.69 | 138.35 | 154.04 | NOTE | |
r-devel-linux-x86_64-fedora-clang | 0.1.0 | 246.74 | NOTE | |||
r-devel-linux-x86_64-fedora-gcc | 0.1.0 | 234.55 | NOTE | |||
r-devel-windows-x86_64 | 0.1.0 | 16.00 | 147.00 | 163.00 | NOTE | |
r-patched-linux-x86_64 | 0.1.0 | 15.85 | 175.61 | 191.46 | NOTE | |
r-release-linux-x86_64 | 0.1.0 | 18.47 | 175.98 | 194.45 | NOTE | |
r-release-macos-arm64 | 0.1.0 | 72.00 | NOTE | |||
r-release-macos-x86_64 | 0.1.0 | 117.00 | NOTE | |||
r-release-windows-x86_64 | 0.1.0 | 24.00 | 186.00 | 210.00 | NOTE | |
r-oldrel-macos-arm64 | 0.1.0 | 60.00 | NOTE | |||
r-oldrel-macos-x86_64 | 0.1.0 | 104.00 | NOTE | |||
r-oldrel-windows-x86_64 | 0.1.0 | 23.00 | 169.00 | 192.00 | NOTE |
Version: 0.1.0
Check: LazyData
Result: NOTE
'LazyData' is specified without a 'data' directory
Flavors: r-devel-linux-x86_64-debian-clang, r-devel-linux-x86_64-debian-gcc, r-devel-linux-x86_64-fedora-clang, r-devel-linux-x86_64-fedora-gcc, r-devel-windows-x86_64, r-patched-linux-x86_64, r-release-linux-x86_64, r-release-macos-arm64, r-release-macos-x86_64, r-release-windows-x86_64, r-oldrel-macos-arm64, r-oldrel-macos-x86_64, r-oldrel-windows-x86_64
Version: 0.1.0
Check: installed package size
Result: NOTE
installed size is 5.3Mb
sub-directories of 1Mb or more:
extdata 4.8Mb
Flavors: r-devel-linux-x86_64-fedora-clang, r-devel-windows-x86_64, r-release-macos-arm64, r-release-macos-x86_64, r-release-windows-x86_64, r-oldrel-macos-arm64, r-oldrel-macos-x86_64, r-oldrel-windows-x86_64