CRAN Package Check Results for Package hydroToolkit

Last updated on 2022-05-19 22:54:12 CEST.

Flavor Version Tinstall Tcheck Ttotal Status Flags
r-devel-linux-x86_64-debian-clang 0.1.0 18.65 186.05 204.70 NOTE
r-devel-linux-x86_64-debian-gcc 0.1.0 13.69 132.36 146.05 NOTE
r-devel-linux-x86_64-fedora-clang 0.1.0 251.42 NOTE
r-devel-linux-x86_64-fedora-gcc 0.1.0 233.15 NOTE
r-devel-windows-x86_64 0.1.0 75.00 193.00 268.00 NOTE
r-patched-linux-x86_64 0.1.0 12.50 171.69 184.19 NOTE
r-release-linux-x86_64 0.1.0 11.88 173.84 185.72 NOTE
r-release-macos-arm64 0.1.0 60.00 NOTE
r-release-macos-x86_64 0.1.0 104.00 NOTE
r-release-windows-x86_64 0.1.0 77.00 193.00 270.00 NOTE
r-oldrel-macos-arm64 0.1.0 65.00 NOTE
r-oldrel-macos-x86_64 0.1.0 124.00 NOTE
r-oldrel-windows-ix86+x86_64 0.1.0 38.00 206.00 244.00 NOTE

Check Details

Version: 0.1.0
Check: LazyData
Result: NOTE
     'LazyData' is specified without a 'data' directory
Flavors: r-devel-linux-x86_64-debian-clang, r-devel-linux-x86_64-debian-gcc, r-devel-linux-x86_64-fedora-clang, r-devel-linux-x86_64-fedora-gcc, r-devel-windows-x86_64, r-patched-linux-x86_64, r-release-linux-x86_64, r-release-macos-arm64, r-release-macos-x86_64, r-release-windows-x86_64, r-oldrel-macos-arm64, r-oldrel-macos-x86_64, r-oldrel-windows-ix86+x86_64

Version: 0.1.0
Check: installed package size
Result: NOTE
     installed size is 5.3Mb
     sub-directories of 1Mb or more:
     extdata 4.8Mb
Flavors: r-devel-linux-x86_64-fedora-clang, r-devel-windows-x86_64, r-release-macos-arm64, r-release-macos-x86_64, r-release-windows-x86_64, r-oldrel-macos-arm64, r-oldrel-macos-x86_64, r-oldrel-windows-ix86+x86_64