CRAN Package Check Results for Package hystReet

Last updated on 2021-11-28 22:51:17 CET.

Flavor Version Tinstall Tcheck Ttotal Status Flags
r-devel-linux-x86_64-debian-clang 0.0.2 OK
r-devel-linux-x86_64-debian-gcc 0.0.2 2.86 31.34 34.20 OK
r-devel-linux-x86_64-fedora-clang 0.0.2 63.41 NOTE
r-devel-linux-x86_64-fedora-gcc 0.0.2 51.49 NOTE
r-devel-windows-x86_64-new-UL 0.0.2 9.00 80.00 89.00 OK
r-devel-windows-x86_64-new-TK 0.0.2 NOTE
r-devel-windows-x86_64-old 0.0.2 4.00 62.00 66.00 OK
r-patched-linux-x86_64 0.0.2 3.84 37.47 41.31 OK
r-patched-solaris-x86 0.0.2 65.60 NOTE
r-release-linux-x86_64 0.0.2 3.44 37.65 41.09 OK
r-release-macos-arm64 0.0.2 NOTE
r-release-macos-x86_64 0.0.2 NOTE
r-release-windows-ix86+x86_64 0.0.2 8.00 43.00 51.00 OK
r-oldrel-macos-x86_64 0.0.2 NOTE
r-oldrel-windows-ix86+x86_64 0.0.2 5.00 59.00 64.00 OK

Check Details

Version: 0.0.2
Check: data for non-ASCII characters
Result: NOTE
     Note: found 26215 marked UTF-8 strings
Flavors: r-devel-linux-x86_64-fedora-clang, r-devel-linux-x86_64-fedora-gcc, r-devel-windows-x86_64-new-TK, r-patched-solaris-x86, r-release-macos-arm64, r-release-macos-x86_64, r-oldrel-macos-x86_64