CRAN Package Check Results for Package iNZightPlots

Last updated on 2022-01-23 22:49:44 CET.

Flavor Version Tinstall Tcheck Ttotal Status Flags
r-devel-linux-x86_64-debian-clang 2.13.3 28.71 360.31 389.02 OK
r-devel-linux-x86_64-debian-gcc 2.13.3 25.11 239.75 264.86 OK
r-devel-linux-x86_64-fedora-clang 2.13.3 384.95 OK
r-devel-linux-x86_64-fedora-gcc 2.13.3 469.98 OK
r-devel-windows-x86_64-new-UL 2.13.3 154.00 313.00 467.00 ERROR
r-devel-windows-x86_64-new-TK 2.13.3 OK
r-patched-linux-x86_64 2.13.3 23.40 284.14 307.54 OK
r-release-linux-x86_64 2.13.3 21.88 286.87 308.75 OK
r-release-macos-arm64 2.13.3 OK
r-release-macos-x86_64 2.13.3 OK
r-release-windows-ix86+x86_64 2.13.3 55.00 434.00 489.00 OK
r-oldrel-macos-x86_64 2.13.3 OK
r-oldrel-windows-ix86+x86_64 2.13.3 55.00 475.00 530.00 OK

Check Details

Version: 2.13.3
Check: tests
Result: ERROR
     Running 'testthat.R' [118s]
    Running the tests in 'tests/testthat.R' failed.
    Complete output:
     > library(testthat)
     > library(iNZightPlots)
     >
     > test_check("iNZightPlots")
Flavor: r-devel-windows-x86_64-new-UL