CRAN Package Check Results for Package iNZightTS

Last updated on 2024-02-20 23:53:57 CET.

Flavor Version Tinstall Tcheck Ttotal Status Flags
r-devel-linux-x86_64-debian-clang 2.0.0 OK
r-devel-linux-x86_64-debian-gcc 2.0.0 7.43 111.53 118.96 OK
r-devel-linux-x86_64-fedora-clang 2.0.0 189.18 NOTE
r-devel-linux-x86_64-fedora-gcc 2.0.0 181.13 OK
r-devel-windows-x86_64 2.0.0 9.00 119.00 128.00 OK
r-patched-linux-x86_64 2.0.0 5.89 146.89 152.78 OK
r-release-linux-x86_64 2.0.0 5.83 146.74 152.57 OK
r-release-macos-arm64 2.0.0 62.00 OK
r-release-macos-x86_64 2.0.0 123.00 OK
r-release-windows-x86_64 2.0.0 11.00 157.00 168.00 OK
r-oldrel-macos-arm64 2.0.0 56.00 OK
r-oldrel-windows-x86_64 2.0.0 11.00 155.00 166.00 OK

Check Details

Version: 2.0.0
Check: Rd cross-references
Result: NOTE Undeclared package ‘plotly’ in Rd xrefs Flavor: r-devel-linux-x86_64-fedora-clang