CRAN Package Check Results for Package iTOP

Last updated on 2022-01-24 22:56:30 CET.

Flavor Version Tinstall Tcheck Ttotal Status Flags
r-devel-linux-x86_64-debian-clang 1.0.2 2.64 118.36 121.00 NOTE
r-devel-linux-x86_64-debian-gcc 1.0.2 1.98 88.16 90.14 NOTE
r-devel-linux-x86_64-fedora-clang 1.0.2 141.00 NOTE
r-devel-linux-x86_64-fedora-gcc 1.0.2 133.57 NOTE
r-devel-windows-x86_64-new-UL 1.0.2 22.00 149.00 171.00 NOTE
r-devel-windows-x86_64-new-TK 1.0.2 NOTE
r-patched-linux-x86_64 1.0.2 2.26 113.78 116.04 NOTE
r-release-linux-x86_64 1.0.2 2.57 112.60 115.17 NOTE
r-release-macos-arm64 1.0.2 NOTE
r-release-macos-x86_64 1.0.2 NOTE
r-release-windows-ix86+x86_64 1.0.2 6.00 138.00 144.00 NOTE
r-oldrel-macos-x86_64 1.0.2 OK
r-oldrel-windows-ix86+x86_64 1.0.2 5.00 147.00 152.00 OK

Check Details

Version: 1.0.2
Check: LazyData
Result: NOTE
     'LazyData' is specified without a 'data' directory
Flavors: r-devel-linux-x86_64-debian-clang, r-devel-linux-x86_64-debian-gcc, r-devel-linux-x86_64-fedora-clang, r-devel-linux-x86_64-fedora-gcc, r-devel-windows-x86_64-new-UL, r-devel-windows-x86_64-new-TK, r-patched-linux-x86_64, r-release-linux-x86_64, r-release-macos-arm64, r-release-macos-x86_64, r-release-windows-ix86+x86_64