Last updated on 2022-07-05 22:50:24 CEST.
Flavor | Version | Tinstall | Tcheck | Ttotal | Status | Flags |
---|---|---|---|---|---|---|
r-devel-linux-x86_64-debian-clang | 0.0.3 | 3.04 | 24.61 | 27.65 | OK | |
r-devel-linux-x86_64-debian-gcc | 0.0.3 | 1.92 | 19.02 | 20.94 | OK | |
r-devel-linux-x86_64-fedora-clang | 0.0.3 | 44.17 | NOTE | |||
r-devel-linux-x86_64-fedora-gcc | 0.0.3 | 42.39 | NOTE | |||
r-devel-windows-x86_64 | 0.0.3 | 15.00 | 56.00 | 71.00 | OK | |
r-patched-linux-x86_64 | 0.0.3 | 1.63 | 23.72 | 25.35 | OK | |
r-release-linux-x86_64 | 0.0.3 | 1.79 | 24.92 | 26.71 | OK | |
r-release-macos-arm64 | 0.0.3 | 18.00 | NOTE | |||
r-release-macos-x86_64 | 0.0.3 | 24.00 | NOTE | |||
r-release-windows-x86_64 | 0.0.3 | 13.00 | 55.00 | 68.00 | OK | |
r-oldrel-macos-arm64 | 0.0.3 | 18.00 | NOTE | |||
r-oldrel-macos-x86_64 | 0.0.3 | 22.00 | NOTE | |||
r-oldrel-windows-ix86+x86_64 | 0.0.3 | 9.00 | 47.00 | 56.00 | OK |
Version: 0.0.3
Check: dependencies in R code
Result: NOTE
Namespaces in Imports field not imported from:
‘digest’ ‘purrr’ ‘tidyverse’
All declared Imports should be used.
Flavors: r-devel-linux-x86_64-fedora-clang, r-devel-linux-x86_64-fedora-gcc, r-release-macos-arm64, r-release-macos-x86_64, r-oldrel-macos-arm64, r-oldrel-macos-x86_64