CRAN Package Check Results for Package icpsrdata

Last updated on 2021-11-26 23:03:27 CET.

Flavor Version Tinstall Tcheck Ttotal Status Flags
r-devel-linux-x86_64-debian-clang 0.5.0 2.32 26.87 29.19 NOTE
r-devel-linux-x86_64-debian-gcc 0.5.0 1.97 21.51 23.48 NOTE
r-devel-linux-x86_64-fedora-clang 0.5.0 46.87 NOTE
r-devel-linux-x86_64-fedora-gcc 0.5.0 36.62 NOTE
r-devel-windows-x86_64-new-UL 0.5.0 7.00 67.00 74.00 NOTE
r-devel-windows-x86_64-new-TK 0.5.0 NOTE
r-devel-windows-x86_64-old 0.5.0 5.00 47.00 52.00 NOTE
r-patched-linux-x86_64 0.5.0 2.43 26.06 28.49 NOTE
r-patched-solaris-x86 0.5.0 56.40 NOTE
r-release-linux-x86_64 0.5.0 NOTE
r-release-macos-arm64 0.5.0 NOTE
r-release-macos-x86_64 0.5.0 NOTE
r-release-windows-ix86+x86_64 0.5.0 6.00 34.00 40.00 NOTE
r-oldrel-macos-x86_64 0.5.0 OK
r-oldrel-windows-ix86+x86_64 0.5.0 5.00 48.00 53.00 OK

Check Details

Version: 0.5.0
Check: LazyData
Result: NOTE
     'LazyData' is specified without a 'data' directory
Flavors: r-devel-linux-x86_64-debian-clang, r-devel-linux-x86_64-debian-gcc, r-devel-linux-x86_64-fedora-clang, r-devel-linux-x86_64-fedora-gcc, r-devel-windows-x86_64-new-UL, r-devel-windows-x86_64-new-TK, r-devel-windows-x86_64-old, r-patched-linux-x86_64, r-patched-solaris-x86, r-release-linux-x86_64, r-release-macos-arm64, r-release-macos-x86_64, r-release-windows-ix86+x86_64