CRAN Package Check Results for Package idendr0

Last updated on 2021-12-07 22:59:32 CET.

Flavor Version Tinstall Tcheck Ttotal Status Flags
r-devel-linux-x86_64-debian-clang 1.5.3 6.97 48.44 55.41 NOTE
r-devel-linux-x86_64-debian-gcc 1.5.3 5.04 38.06 43.10 NOTE
r-devel-linux-x86_64-fedora-clang 1.5.3 71.37 NOTE
r-devel-linux-x86_64-fedora-gcc 1.5.3 59.12 NOTE
r-devel-windows-x86_64-new-UL 1.5.3 12.00 70.00 82.00 NOTE
r-devel-windows-x86_64-new-TK 1.5.3 NOTE
r-devel-windows-x86_64-old 1.5.3 8.00 53.00 61.00 OK
r-patched-linux-x86_64 1.5.3 6.51 47.92 54.43 NOTE
r-release-linux-x86_64 1.5.3 5.97 48.37 54.34 NOTE
r-release-macos-arm64 1.5.3 NOTE
r-release-macos-x86_64 1.5.3 NOTE
r-release-windows-ix86+x86_64 1.5.3 6.00 50.00 56.00 OK
r-oldrel-macos-x86_64 1.5.3 NOTE
r-oldrel-windows-ix86+x86_64 1.5.3 10.00 50.00 60.00 OK

Check Details

Version: 1.5.3
Check: package dependencies
Result: NOTE
    Package suggested but not available for checking: 'rggobi'
Flavors: r-devel-linux-x86_64-debian-clang, r-devel-linux-x86_64-debian-gcc, r-devel-linux-x86_64-fedora-clang, r-devel-linux-x86_64-fedora-gcc, r-devel-windows-x86_64-new-UL, r-devel-windows-x86_64-new-TK, r-patched-linux-x86_64, r-release-linux-x86_64, r-release-macos-arm64, r-release-macos-x86_64, r-oldrel-macos-x86_64