Last updated on 2022-06-29 23:09:34 CEST.
Flavor | Version | Tinstall | Tcheck | Ttotal | Status | Flags |
---|---|---|---|---|---|---|
r-devel-linux-x86_64-debian-clang | 1.0.2 | 2.78 | 41.57 | 44.35 | OK | |
r-devel-linux-x86_64-debian-gcc | 1.0.2 | 2.40 | 32.59 | 34.99 | OK | |
r-devel-linux-x86_64-fedora-clang | 1.0.2 | 64.90 | NOTE | |||
r-devel-linux-x86_64-fedora-gcc | 1.0.2 | 63.20 | NOTE | |||
r-devel-windows-x86_64 | 1.0.2 | 106.00 | 81.00 | 187.00 | OK | |
r-patched-linux-x86_64 | 1.0.2 | 3.90 | 40.57 | 44.47 | OK | |
r-release-linux-x86_64 | 1.0.2 | 2.44 | 41.59 | 44.03 | OK | |
r-release-macos-arm64 | 1.0.2 | 24.00 | NOTE | |||
r-release-macos-x86_64 | 1.0.2 | 38.00 | NOTE | |||
r-release-windows-x86_64 | 1.0.2 | 95.00 | 89.00 | 184.00 | OK | |
r-oldrel-macos-arm64 | 1.0.2 | 33.00 | NOTE | |||
r-oldrel-macos-x86_64 | 1.0.2 | 39.00 | NOTE | |||
r-oldrel-windows-ix86+x86_64 | 1.0.2 | 8.00 | 71.00 | 79.00 | OK |
Version: 1.0.2
Check: dependencies in R code
Result: NOTE
Namespace in Imports field not imported from: ‘lubridate’
All declared Imports should be used.
Flavors: r-devel-linux-x86_64-fedora-clang, r-devel-linux-x86_64-fedora-gcc, r-release-macos-arm64, r-release-macos-x86_64, r-oldrel-macos-arm64, r-oldrel-macos-x86_64
Version: 1.0.2
Check: data for non-ASCII characters
Result: NOTE
Note: found 4 marked UTF-8 strings
Flavors: r-devel-linux-x86_64-fedora-clang, r-devel-linux-x86_64-fedora-gcc, r-release-macos-arm64, r-release-macos-x86_64, r-oldrel-macos-arm64, r-oldrel-macos-x86_64