CRAN Package Check Results for Package ieeeround

Last updated on 2021-11-27 22:56:59 CET.

Flavor Version Tinstall Tcheck Ttotal Status Flags
r-devel-linux-x86_64-debian-clang 0.2-0 OK
r-devel-linux-x86_64-debian-gcc 0.2-0 1.40 14.92 16.32 OK
r-devel-linux-x86_64-fedora-clang 0.2-0 36.03 NOTE
r-devel-linux-x86_64-fedora-gcc 0.2-0 26.08 NOTE
r-patched-linux-x86_64 0.2-0 2.02 17.97 19.99 OK
r-patched-solaris-x86 0.2-0 40.60 OK
r-release-linux-x86_64 0.2-0 OK
r-release-macos-arm64 0.2-0 OK
r-release-macos-x86_64 0.2-0 OK
r-oldrel-macos-x86_64 0.2-0 OK

Check Details

Version: 0.2-0
Check: compiled code
Result: NOTE
    File ‘ieeeround/libs/ieeeround.so’:
     Found no calls to: ‘R_registerRoutines’, ‘R_useDynamicSymbols’
    
    It is good practice to register native routines and to disable symbol
    search.
    
    See ‘Writing portable packages’ in the ‘Writing R Extensions’ manual.
Flavors: r-devel-linux-x86_64-fedora-clang, r-devel-linux-x86_64-fedora-gcc