CRAN Package Check Results for Package iemiscdata

Last updated on 2022-01-28 23:00:39 CET.

Flavor Version Tinstall Tcheck Ttotal Status Flags
r-devel-linux-x86_64-debian-clang 0.6.1 2.54 35.47 38.01 OK
r-devel-linux-x86_64-debian-gcc 0.6.1 2.01 27.91 29.92 OK
r-devel-linux-x86_64-fedora-clang 0.6.1 46.83 NOTE
r-devel-linux-x86_64-fedora-gcc 0.6.1 35.11 NOTE
r-devel-windows-x86_64-new-UL 0.6.1 62.00 66.00 128.00 OK
r-devel-windows-x86_64-new-TK 0.6.1 NOTE
r-patched-linux-x86_64 0.6.1 2.54 34.10 36.64 OK
r-release-linux-x86_64 0.6.1 1.71 34.35 36.06 OK
r-release-macos-arm64 0.6.1 NOTE
r-release-macos-x86_64 0.6.1 NOTE
r-release-windows-ix86+x86_64 0.6.1 5.00 47.00 52.00 NOTE
r-oldrel-macos-x86_64 0.6.1 NOTE
r-oldrel-windows-ix86+x86_64 0.6.1 6.00 49.00 55.00 NOTE

Check Details

Version: 0.6.1
Check: data for non-ASCII characters
Result: NOTE
     Note: found 1 marked UTF-8 string
Flavors: r-devel-linux-x86_64-fedora-clang, r-devel-linux-x86_64-fedora-gcc, r-devel-windows-x86_64-new-TK, r-release-macos-arm64, r-release-macos-x86_64, r-oldrel-macos-x86_64

Version: 0.6.1
Check: package dependencies
Result: NOTE
    Package suggested but not available for checking: ‘ie2miscdata’
Flavors: r-release-macos-arm64, r-release-macos-x86_64, r-release-windows-ix86+x86_64, r-oldrel-macos-x86_64, r-oldrel-windows-ix86+x86_64