Last updated on 2022-05-28 22:55:10 CEST.
Flavor | Version | Tinstall | Tcheck | Ttotal | Status | Flags |
---|---|---|---|---|---|---|
r-devel-linux-x86_64-debian-clang | 0.23 | 13.00 | 141.40 | 154.40 | OK | --no-tests --no-vignettes |
r-devel-linux-x86_64-debian-gcc | 0.23 | 12.41 | 108.32 | 120.73 | OK | --no-tests --no-vignettes |
r-devel-linux-x86_64-fedora-clang | 0.23 | 1251.13 | OK | |||
r-devel-linux-x86_64-fedora-gcc | 0.23 | 3236.49 | ERROR | |||
r-devel-windows-x86_64 | 0.23 | 28.00 | 1890.00 | 1918.00 | OK | |
r-patched-linux-x86_64 | 0.23 | 15.59 | 131.90 | 147.49 | OK | --no-tests --no-vignettes |
r-release-linux-x86_64 | 0.23 | 13.76 | 133.91 | 147.67 | OK | --no-tests --no-vignettes |
r-release-macos-arm64 | 0.23 | 259.00 | OK | |||
r-release-macos-x86_64 | 0.23 | 576.00 | OK | |||
r-release-windows-x86_64 | 0.23 | 33.00 | 1357.00 | 1390.00 | OK | |
r-oldrel-macos-arm64 | 0.23 | 219.00 | OK | |||
r-oldrel-macos-x86_64 | 0.23 | 211.00 | OK | |||
r-oldrel-windows-ix86+x86_64 | 0.23 | 34.00 | 1547.00 | 1581.00 | OK |
Version: 0.23
Check: re-building of vignette outputs
Result: ERROR
Error(s) in re-building vignettes:
--- re-building ‘pritikin-schmidt.Rnw’ using knitr
Quitting from lines 1645-1650 (pritikin-schmidt.Rnw)
Error: processing vignette 'pritikin-schmidt.Rnw' failed with diagnostics:
The job for model 'container2' exited abnormally with the error message: User interrupt
--- failed re-building ‘pritikin-schmidt.Rnw’
SUMMARY: processing the following file failed:
‘pritikin-schmidt.Rnw’
Error: Vignette re-building failed.
Execution halted
Flavor: r-devel-linux-x86_64-fedora-gcc