CRAN Package Check Results for Package igate

Last updated on 2024-02-21 23:11:31 CET.

Flavor Version Tinstall Tcheck Ttotal Status Flags
r-devel-linux-x86_64-debian-clang 0.3.3 OK
r-devel-linux-x86_64-debian-gcc 0.3.3 5.89 57.17 63.06 OK
r-devel-linux-x86_64-fedora-clang 0.3.3 102.95 NOTE
r-devel-linux-x86_64-fedora-gcc 0.3.3 109.68 NOTE
r-devel-windows-x86_64 0.3.3 7.00 76.00 83.00 OK
r-patched-linux-x86_64 0.3.3 4.70 72.66 77.36 OK
r-release-linux-x86_64 0.3.3 4.17 72.98 77.15 OK
r-release-macos-arm64 0.3.3 40.00 OK
r-release-macos-x86_64 0.3.3 59.00 OK
r-release-windows-x86_64 0.3.3 10.00 88.00 98.00 OK
r-oldrel-macos-arm64 0.3.3 31.00 NOTE
r-oldrel-windows-x86_64 0.3.3 9.00 90.00 99.00 OK

Check Details

Version: 0.3.3
Check: dependencies in R code
Result: NOTE Namespaces in Imports field not imported from: ‘kableExtra’ ‘knitr’ ‘xtable’ All declared Imports should be used. Flavors: r-devel-linux-x86_64-fedora-clang, r-devel-linux-x86_64-fedora-gcc, r-oldrel-macos-arm64