CRAN Package Check Results for Package igraphinshiny

Last updated on 2021-11-29 22:59:14 CET.

Flavor Version Tinstall Tcheck Ttotal Status Flags
r-devel-linux-x86_64-debian-clang 0.1 2.87 35.11 37.98 NOTE
r-devel-linux-x86_64-debian-gcc 0.1 2.53 28.27 30.80 NOTE
r-devel-linux-x86_64-fedora-clang 0.1 59.11 NOTE
r-devel-linux-x86_64-fedora-gcc 0.1 47.10 NOTE
r-devel-windows-x86_64-new-UL 0.1 8.00 76.00 84.00 NOTE
r-devel-windows-x86_64-new-TK 0.1 NOTE
r-devel-windows-x86_64-old 0.1 6.00 42.00 48.00 NOTE
r-patched-linux-x86_64 0.1 3.01 34.77 37.78 NOTE
r-patched-solaris-x86 0.1 78.20 NOTE
r-release-linux-x86_64 0.1 2.75 34.61 37.36 NOTE
r-release-macos-arm64 0.1 NOTE
r-release-macos-x86_64 0.1 NOTE
r-release-windows-ix86+x86_64 0.1 8.00 42.00 50.00 NOTE
r-oldrel-macos-x86_64 0.1 OK
r-oldrel-windows-ix86+x86_64 0.1 7.00 56.00 63.00 OK

Check Details

Version: 0.1
Check: LazyData
Result: NOTE
     'LazyData' is specified without a 'data' directory
Flavors: r-devel-linux-x86_64-debian-clang, r-devel-linux-x86_64-debian-gcc, r-devel-linux-x86_64-fedora-clang, r-devel-linux-x86_64-fedora-gcc, r-devel-windows-x86_64-new-UL, r-devel-windows-x86_64-new-TK, r-devel-windows-x86_64-old, r-patched-linux-x86_64, r-patched-solaris-x86, r-release-linux-x86_64, r-release-macos-arm64, r-release-macos-x86_64, r-release-windows-ix86+x86_64